he tens digit of 40654?
5
What is the units digit of 60?
0
What is the units digit of 12082?
2
What is the tens digit of 549?
4
What is the thousands digit of 51060?
1
What is the tens digit of 48897?
9
What is the thousands digit of 201601?
1
What is the hundreds digit of 90442?
4
What is the units digit of 5804?
4
What is the hundreds digit of 1066?
0
What is the units digit of 1127?
7
What is the tens digit of 161064?
6
What is the units digit of 41778?
8
What is the tens digit of 322?
2
What is the ten thousands digit of 212198?
1
What is the units digit of 1376?
6
What is the tens digit of 1411?
1
What is the thousands digit of 5180?
5
What is the hundreds digit of 5422?
4
What is the units digit of 564?
4
What is the units digit of 9?
9
What is the hundreds digit of 774?
7
What is the thousands digit of 21841?
1
What is the hundreds digit of 7442?
4
What is the tens digit of 50979?
7
What is the units digit of 544?
4
What is the thousands digit of 1187?
1
What is the hundreds digit of 921?
9
What is the hundreds digit of 13504?
5
What is the tens digit of 1598?
9
What is the units digit of 9163?
3
What is the tens digit of 976?
7
What is the thousands digit of 2137?
2
What is the tens digit of 6539?
3
What is the units digit of 2160?
0
What is the hundreds digit of 5438?
4
What is the thousands digit of 2270?
2
What is the hundreds digit of 2962?
9
What is the hundreds digit of 236?
2
What is the tens digit of 1650?
5
What is the tens digit of 72399?
9
What is the thousands digit of 3612?
3
What is the thousands digit of 1798?
1
What is the ten thousands digit of 16323?
1
What is the hundreds digit of 7028?
0
What is the ten thousands digit of 45310?
4
What is the thousands digit of 1973?
1
What is the units digit of 28595?
5
What is the hundreds digit of 965?
9
What is the units digit of 9679?
9
What is the hundreds digit of 120729?
7
What is the thousands digit of 68521?
8
What is the hundreds digit of 444?
4
What is the units digit of 998?
8
What is the tens digit of 548?
4
What is the tens digit of 1934?
3
What is the hundreds digit of 7110?
1
What is the units digit of 8839?
9
What is the tens digit of 124?
2
What is the units digit of 64726?
6
What is the tens digit of 159?
5
What is the tens digit of 1816?
1
What is the tens digit of 173?
7
What is the hundreds digit of 7935?
9
What is the hundreds digit of 895?
8
What is the thousands digit of 8088?
8
What is the hundreds digit of 5378?
3
What is the thousands digit of 5198?
5
What is the hundreds digit of 470?
4
What is the tens digit of 2080?
8
What is the units digit of 41462?
2
What is the hundreds digit of 52053?
0
What is the hundreds digit of 27146?
1
What is the hundreds digit of 26893?
8
What is the ten thousands digit of 67955?
6
What is the units digit of 36539?
9
What is the units digit of 38156?
6
What is the hundreds digit of 70564?
5
What is the units digit of 14475?
5
What is the hundreds digit of 63799?
7
What is the hundreds digit of 46660?
6
What is the hundreds digit of 1904?
9
What is the hundreds digit of 8767?
7
What is the ten thousands digit of 54607?
5
What is the ten thousands digit of 12582?
1
What is the thousands digit of 93271?
3
What is the tens digit of 782?
8
What is the hundreds digit of 1658?
6
What is the thousands digit of 4967?
4
What is the units digit of 464?
4
What is the hundreds digit of 24088?
0
What is the units digit of 7?
7
What is the hundreds digit of 74191?
1
What is the tens digit of 830?
3
What is the tens digit of 695?
9
What is the ten thousands digit of 175931?
7
What is the thousands digit of 43199?
3
What is the units digit of 1030?
0
What is the tens digit of 65324?
2
What is the hundreds digit of 6866?
8
What is the tens digit of 598?
9
What is the tens digit of 3897?
9
What is the tens digit of 5487?
8
What is the hundreds digit of 2309?
3
What is the thousands digit of 74157?
4
What is the thousands digit of 11380?
1
What is the thousands digit of 4395?
4
What is the units digit of 1347?
7
What is the ten thousands digit of 29747?
2
What is the thousands digit of 36855?
6
What is the ten thousands digit of 43361?
4
What is the thousands digit of 6718?
6
What is the tens digit of 29449?
4
What is the units digit of 3323?
3
What is the units digit of 2460?
0
What is the tens digit of 1129?
2
What is the hundreds digit of 181?
1
What is the tens digit of 5762?
6
What is the tens digit of 43358?
5
What is the hundreds digit of 5054?
0
What is the hundreds digit of 78127?
1
What is the thousands digit of 1077?
1
What is the units digit of 973?
3
What is the tens digit of 5689?
8
What is the tens digit of 23430?
3
What is the hundreds digit of 1772?
7
What is the units digit of 504?
4
What is the units digit of 52209?
9
What is the tens digit of 3438?
3
What is the tens digit of 3707?
0
What is the thousands digit of 42100?
2
What is the thousands digit of 65872?
5
What is the ten thousands digit of 32630?
3
What is the ten thousands digit of 22921?
2
What is the hundreds digit of 581?
5
What is the thousands digit of 26777?
6
What is the thousands digit of 6920?
6
What is the units digit of 6795?
5
What is the tens digit of 178?
7
What is the tens digit of 354?
5
What is the units digit of 799?
9
What is the ten thousands digit of 43720?
4
What is the thousands digit of 3510?
3
What is the thousands digit of 4280?
4
What is the ten thousands digit of 40430?
4
What is the thousands digit of 41098?
1
What is the units digit of 419?
9
What is the tens digit of 8603?
0
What is the tens digit of 105473?
7
What is the thousands digit of 2462?
2
What is the units digit of 11613?
3
What is the units digit of 13429?
9
What is the hundreds digit of 115714?
7
What is the tens digit of 5917?
1
What is the tens digit of 3531?
3
What is the units digit of 327?
7
What is the units digit of 17243?
3
What is the tens digit of 20690?
9
What is the hundreds digit of 1868?
8
What is the tens digit of 6280?
8
What is the tens digit of 52858?
5
What is the units digit of 24467?
7
What is the units digit of 1808?
8
What is the units digit of 60974?
4
What is the thousands digit of 31979?
1
What is the tens digit of 2450?
5
What is the tens digit of 862?
6
What is the units digit of 459?
9
What is the thousands digit of 3061?
3
What is the tens digit of 18701?
0
What is the units digit of 598?
8
What is the thousands digit of 2412?
2
What is the hundreds digit of 17925?
9
What is the hundreds digit of 4483?
4
What is the tens digit of 17774?
7
What is the tens digit of 5893?
9
What is the ten thousands digit of 40054?
4
What is the units digit of 2262?
2
What is the tens digit of 687?
8
What is the units digit of 57530?
0
What is the tens digit of 9809?
0
What is the tens digit of 29484?
8
What is the hundreds digit of 30502?
5
What is the units digit of 21747?
7
What is the units digit of 29896?
6
What is the hundreds digit of 58382?
3
What is the tens digit of 1812?
1
What is the ten thousands digit of 19255?
1
What is the thousands digit of 4038?
4
What is the hundreds digit of 2998?
9
What is the tens digit of 68?
6
What is the ten thousands digit of 49122?
4
What is the ten thousands digit of 73000?
7
What is the thousands digit of 9769?
9
What is the tens digit of 64464?
6
What is the thousands digit of 1139?
1
What is the tens digit of 1681?
8
What is the tens digit of 1680?
8
What is the hundreds digit of 18441?
4
What is the tens digit of 40988?
8
What is the tens digit of 1016?
1
What is the hundreds digit of 32565?
5
What is the tens digit of 839?
3
What is the units digit of 666?
6
What is the tens digit of 65005?
0
What is the hundreds digit of 73819?
8
What is the tens digit of 8012?
1
What is the tens digit of 866?
6
What is the hundreds digit of 987?
9
What is the ten thousands digit of 27010?
2
What is the tens digit of 8529?
2
What is the units digit of 1330?
0
What is the units digit of 992?
2
What is the hundreds digit of 12520?
5
What is the hundreds digit of 2121?
1
What is the thousands digit of 1565?
1
What is the hundreds digit of 1201?
2
What is the thousands digit of 3470?
3
What is the tens digit of 544?
4
What is the units digit of 6962?
2
What is the hundreds digit of 12169?
1
What is the hundreds digit of 122?
1